{"id":3139,"date":"2023-05-03T18:04:04","date_gmt":"2023-05-03T22:04:04","guid":{"rendered":"https:\/\/musico.cl\/sitio\/?page_id=3139"},"modified":"2023-07-08T23:36:37","modified_gmt":"2023-07-09T03:36:37","slug":"sonidos-de-sanacion","status":"publish","type":"page","link":"https:\/\/musico.cl\/sitio\/?page_id=3139","title":{"rendered":"Sonidos de Sanaci\u00f3n"},"content":{"rendered":"<h4><strong>SONIDOS DE SANACION (2005)<\/strong><\/h4>\n<p>Tom\u00e1s Thayer M. : Bansuri<br \/>\nShaiva:\u00a0 Samzula,Udu, Hang y percusiones<br \/>\nGrabaci\u00f3n\u00a0 y Mezcla : Antonia Schmidt G.<br \/>\nProducci\u00f3n Art\u00edstica : Antonia Schmidt y Tom\u00e1s Thayer<br \/>\nLos nombres de los Temas han cambiado con el tiempo, no as\u00ed la m\u00fasica es la original.<br \/>\nTema n\u00ba 5: \u00a0Procesi\u00f3n (Tabla Juan Gronemeyer) Mart\u00edn No\u00e9 Thayer ( Harmonium) 2005<br \/>\n_____________________________________________<br \/>\nTRAK&#8217;S LIST SONIDOS DE SANACI\u00d3N<\/p>\n<audio class=\"wp-audio-shortcode\" id=\"audio-3139-1\" preload=\"none\" style=\"width: 100%;\" controls=\"controls\"><source type=\"audio\/wav\" src=\"https:\/\/musico.cl\/sitio\/wp-content\/uploads\/2023\/05\/01-Pista-01-2.wav?_=1\" \/><a href=\"https:\/\/musico.cl\/sitio\/wp-content\/uploads\/2023\/05\/01-Pista-01-2.wav\">https:\/\/musico.cl\/sitio\/wp-content\/uploads\/2023\/05\/01-Pista-01-2.wav<\/a><\/audio>\n<p><img decoding=\"async\" class=\"alignnone wp-image-3194 alignleft\" src=\"https:\/\/musico.cl\/sitio\/wp-content\/uploads\/2023\/05\/sonidos-d-sanacion-caratula-284x300.png\" alt=\"\" width=\"179\" height=\"189\" srcset=\"https:\/\/musico.cl\/sitio\/wp-content\/uploads\/2023\/05\/sonidos-d-sanacion-caratula-284x300.png 284w, https:\/\/musico.cl\/sitio\/wp-content\/uploads\/2023\/05\/sonidos-d-sanacion-caratula.png 636w\" sizes=\"(max-width: 179px) 100vw, 179px\" \/>1-.Canto V\u00e9dico<\/p>\n<p>&nbsp;<\/p>\n<audio class=\"wp-audio-shortcode\" id=\"audio-3139-2\" preload=\"none\" style=\"width: 100%;\" controls=\"controls\"><source type=\"audio\/mpeg\" src=\"https:\/\/musico.cl\/sitio\/wp-content\/uploads\/2023\/05\/sonidos-de-sanacion-7-07-Pista-07-1.mp3?_=2\" \/><a href=\"https:\/\/musico.cl\/sitio\/wp-content\/uploads\/2023\/05\/sonidos-de-sanacion-7-07-Pista-07-1.mp3\">https:\/\/musico.cl\/sitio\/wp-content\/uploads\/2023\/05\/sonidos-de-sanacion-7-07-Pista-07-1.mp3<\/a><\/audio>\n<p><img decoding=\"async\" class=\"wp-image-3194 alignleft\" src=\"https:\/\/musico.cl\/sitio\/wp-content\/uploads\/2023\/05\/sonidos-d-sanacion-caratula-284x300.png\" alt=\"\" width=\"179\" height=\"189\" srcset=\"https:\/\/musico.cl\/sitio\/wp-content\/uploads\/2023\/05\/sonidos-d-sanacion-caratula-284x300.png 284w, https:\/\/musico.cl\/sitio\/wp-content\/uploads\/2023\/05\/sonidos-d-sanacion-caratula.png 636w\" sizes=\"(max-width: 179px) 100vw, 179px\" \/>2-.Sue\u00f1os de Viento<\/p>\n<audio class=\"wp-audio-shortcode\" id=\"audio-3139-3\" preload=\"none\" style=\"width: 100%;\" controls=\"controls\"><source type=\"audio\/mpeg\" src=\"https:\/\/musico.cl\/sitio\/wp-content\/uploads\/2023\/05\/sonidos-de-sanacion-5-6-06-Pista-06-1.mp3?_=3\" \/><a href=\"https:\/\/musico.cl\/sitio\/wp-content\/uploads\/2023\/05\/sonidos-de-sanacion-5-6-06-Pista-06-1.mp3\">https:\/\/musico.cl\/sitio\/wp-content\/uploads\/2023\/05\/sonidos-de-sanacion-5-6-06-Pista-06-1.mp3<\/a><\/audio>\n<p><img decoding=\"async\" class=\"wp-image-3194 alignleft\" src=\"https:\/\/musico.cl\/sitio\/wp-content\/uploads\/2023\/05\/sonidos-d-sanacion-caratula-284x300.png\" alt=\"\" width=\"179\" height=\"189\" srcset=\"https:\/\/musico.cl\/sitio\/wp-content\/uploads\/2023\/05\/sonidos-d-sanacion-caratula-284x300.png 284w, https:\/\/musico.cl\/sitio\/wp-content\/uploads\/2023\/05\/sonidos-d-sanacion-caratula.png 636w\" sizes=\"(max-width: 179px) 100vw, 179px\" \/>3-. Bhupali<\/p>\n<p>&nbsp;<\/p>\n<p>&nbsp;<\/p>\n<p>&nbsp;<\/p>\n<p>&nbsp;<\/p>\n<audio class=\"wp-audio-shortcode\" id=\"audio-3139-4\" preload=\"none\" style=\"width: 100%;\" controls=\"controls\"><source type=\"audio\/mpeg\" src=\"https:\/\/musico.cl\/sitio\/wp-content\/uploads\/2023\/05\/sonidos-de-sanacion-5-6-05-Pista-05-2.mp3?_=4\" \/><a href=\"https:\/\/musico.cl\/sitio\/wp-content\/uploads\/2023\/05\/sonidos-de-sanacion-5-6-05-Pista-05-2.mp3\">https:\/\/musico.cl\/sitio\/wp-content\/uploads\/2023\/05\/sonidos-de-sanacion-5-6-05-Pista-05-2.mp3<\/a><\/audio>\n<p><img decoding=\"async\" class=\"wp-image-3194 alignleft\" src=\"https:\/\/musico.cl\/sitio\/wp-content\/uploads\/2023\/05\/sonidos-d-sanacion-caratula-284x300.png\" alt=\"\" width=\"179\" height=\"189\" srcset=\"https:\/\/musico.cl\/sitio\/wp-content\/uploads\/2023\/05\/sonidos-d-sanacion-caratula-284x300.png 284w, https:\/\/musico.cl\/sitio\/wp-content\/uploads\/2023\/05\/sonidos-d-sanacion-caratula.png 636w\" sizes=\"(max-width: 179px) 100vw, 179px\" \/>4-. Purya Kalyan<\/p>\n<p>&nbsp;<\/p>\n<p>&nbsp;<\/p>\n<p>&nbsp;<\/p>\n<p>&nbsp;<\/p>\n<audio class=\"wp-audio-shortcode\" id=\"audio-3139-5\" preload=\"none\" style=\"width: 100%;\" controls=\"controls\"><source type=\"audio\/mpeg\" src=\"https:\/\/musico.cl\/sitio\/wp-content\/uploads\/2023\/05\/sonidos-de-sanacion-3-4-04-Pista-04-2.mp3?_=5\" \/><a href=\"https:\/\/musico.cl\/sitio\/wp-content\/uploads\/2023\/05\/sonidos-de-sanacion-3-4-04-Pista-04-2.mp3\">https:\/\/musico.cl\/sitio\/wp-content\/uploads\/2023\/05\/sonidos-de-sanacion-3-4-04-Pista-04-2.mp3<\/a><\/audio>\n<p><img decoding=\"async\" class=\"wp-image-3194 alignleft\" src=\"https:\/\/musico.cl\/sitio\/wp-content\/uploads\/2023\/05\/sonidos-d-sanacion-caratula-284x300.png\" alt=\"\" width=\"179\" height=\"189\" srcset=\"https:\/\/musico.cl\/sitio\/wp-content\/uploads\/2023\/05\/sonidos-d-sanacion-caratula-284x300.png 284w, https:\/\/musico.cl\/sitio\/wp-content\/uploads\/2023\/05\/sonidos-d-sanacion-caratula.png 636w\" sizes=\"(max-width: 179px) 100vw, 179px\" \/>5-. Procesi\u00f3n (Tabla: Juan Gronemeyer; Harmonium:\u00a0 Mart\u00edn No\u00e9 Thayer )<\/p>\n<p>&nbsp;<\/p>\n<p>&nbsp;<\/p>\n<p>&nbsp;<\/p>\n<p>&nbsp;<\/p>\n<audio class=\"wp-audio-shortcode\" id=\"audio-3139-6\" preload=\"none\" style=\"width: 100%;\" controls=\"controls\"><source type=\"audio\/mpeg\" src=\"https:\/\/musico.cl\/sitio\/wp-content\/uploads\/2023\/05\/sonidos-de-sanacion-3-4-03-Pista-03-2.mp3?_=6\" \/><a href=\"https:\/\/musico.cl\/sitio\/wp-content\/uploads\/2023\/05\/sonidos-de-sanacion-3-4-03-Pista-03-2.mp3\">https:\/\/musico.cl\/sitio\/wp-content\/uploads\/2023\/05\/sonidos-de-sanacion-3-4-03-Pista-03-2.mp3<\/a><\/audio>\n<p><img decoding=\"async\" class=\"wp-image-3194 alignleft\" src=\"https:\/\/musico.cl\/sitio\/wp-content\/uploads\/2023\/05\/sonidos-d-sanacion-caratula-284x300.png\" alt=\"\" width=\"179\" height=\"189\" srcset=\"https:\/\/musico.cl\/sitio\/wp-content\/uploads\/2023\/05\/sonidos-d-sanacion-caratula-284x300.png 284w, https:\/\/musico.cl\/sitio\/wp-content\/uploads\/2023\/05\/sonidos-d-sanacion-caratula.png 636w\" sizes=\"(max-width: 179px) 100vw, 179px\" \/>6-. Castillo Nocturno<\/p>\n<p>&nbsp;<\/p>\n<p>&nbsp;<\/p>\n<p>&nbsp;<\/p>\n<p>&nbsp;<\/p>\n<audio class=\"wp-audio-shortcode\" id=\"audio-3139-7\" preload=\"none\" style=\"width: 100%;\" controls=\"controls\"><source type=\"audio\/mpeg\" src=\"https:\/\/musico.cl\/sitio\/wp-content\/uploads\/2023\/05\/sonidos-de-sanacion-2-02-Pista-02-2.mp3?_=7\" \/><a href=\"https:\/\/musico.cl\/sitio\/wp-content\/uploads\/2023\/05\/sonidos-de-sanacion-2-02-Pista-02-2.mp3\">https:\/\/musico.cl\/sitio\/wp-content\/uploads\/2023\/05\/sonidos-de-sanacion-2-02-Pista-02-2.mp3<\/a><\/audio>\n<p><img decoding=\"async\" class=\"wp-image-3194 alignleft\" src=\"https:\/\/musico.cl\/sitio\/wp-content\/uploads\/2023\/05\/sonidos-d-sanacion-caratula-284x300.png\" alt=\"\" width=\"179\" height=\"189\" srcset=\"https:\/\/musico.cl\/sitio\/wp-content\/uploads\/2023\/05\/sonidos-d-sanacion-caratula-284x300.png 284w, https:\/\/musico.cl\/sitio\/wp-content\/uploads\/2023\/05\/sonidos-d-sanacion-caratula.png 636w\" sizes=\"(max-width: 179px) 100vw, 179px\" \/>7-.Raga del Viento (Pilu)<\/p>\n<p>El Raga Pilu se caracteriza por su atm\u00f3sfera melanc\u00f3lica y nost\u00e1lgica, y se cree que fue creado para expresar el dolor de la separaci\u00f3n. Es un raga bastante popular y se ha utilizado en diversas formas de m\u00fasica, desde la m\u00fasica cl\u00e1sica hasta el cine indio. En general, los ragas son escalas mel\u00f3dicas con una serie de notas espec\u00edficas y reglas sobre c\u00f3mo se deben interpretar. Cada raga tiene su propia personalidad, estado de \u00e1nimo y sentimiento asociado con \u00e9l. El Raga Pilu es uno de los m\u00e1s conocidos y emocionalmente conmovedores de la m\u00fasica cl\u00e1sica indost\u00e1nica.<\/p>\n","protected":false},"excerpt":{"rendered":"<p>SONIDOS DE SANACION (2005) Tom\u00e1s Thayer M. : Bansuri Shaiva:\u00a0 Samzula,Udu, Hang y percusiones Grabaci\u00f3n\u00a0 y Mezcla : Antonia Schmidt G. Producci\u00f3n Art\u00edstica : Antonia Schmidt y Tom\u00e1s Thayer Los nombres de los Temas han cambiado con el tiempo, no as\u00ed la m\u00fasica es la original. Tema n\u00ba 5: \u00a0Procesi\u00f3n (Tabla Juan Gronemeyer) Mart\u00edn No\u00e9 [&hellip;]<\/p>\n","protected":false},"author":2,"featured_media":0,"parent":0,"menu_order":0,"comment_status":"closed","ping_status":"closed","template":"","meta":{"_acf_changed":false,"footnotes":""},"class_list":["post-3139","page","type-page","status-publish","hentry"],"acf":[],"_links":{"self":[{"href":"https:\/\/musico.cl\/sitio\/index.php?rest_route=\/wp\/v2\/pages\/3139","targetHints":{"allow":["GET"]}}],"collection":[{"href":"https:\/\/musico.cl\/sitio\/index.php?rest_route=\/wp\/v2\/pages"}],"about":[{"href":"https:\/\/musico.cl\/sitio\/index.php?rest_route=\/wp\/v2\/types\/page"}],"author":[{"embeddable":true,"href":"https:\/\/musico.cl\/sitio\/index.php?rest_route=\/wp\/v2\/users\/2"}],"replies":[{"embeddable":true,"href":"https:\/\/musico.cl\/sitio\/index.php?rest_route=%2Fwp%2Fv2%2Fcomments&post=3139"}],"version-history":[{"count":16,"href":"https:\/\/musico.cl\/sitio\/index.php?rest_route=\/wp\/v2\/pages\/3139\/revisions"}],"predecessor-version":[{"id":3483,"href":"https:\/\/musico.cl\/sitio\/index.php?rest_route=\/wp\/v2\/pages\/3139\/revisions\/3483"}],"wp:attachment":[{"href":"https:\/\/musico.cl\/sitio\/index.php?rest_route=%2Fwp%2Fv2%2Fmedia&parent=3139"}],"curies":[{"name":"wp","href":"https:\/\/api.w.org\/{rel}","templated":true}]}}